{"id":95,"date":"2013-12-11T07:42:21","date_gmt":"2013-12-11T07:42:21","guid":{"rendered":"http:\/\/association-douar-tamazirte.ch\/w\/?page_id=95"},"modified":"2019-11-02T19:09:58","modified_gmt":"2019-11-02T18:09:58","slug":"galerie-photos","status":"publish","type":"page","link":"http:\/\/association-douar-tamazirte.ch\/w\/?page_id=95","title":{"rendered":"Photos et Presse"},"content":{"rendered":"<p>\n<!-- Page-list plugin v.5.9 wordpress.org\/plugins\/page-list\/ -->\n<ul class=\"page-list \">\n<li class=\"page_item page-item-1611\"><a href=\"http:\/\/association-douar-tamazirte.ch\/w\/?page_id=1611\">100 km de Bienne 2018<\/a><\/li>\n<li class=\"page_item page-item-1347\"><a href=\"http:\/\/association-douar-tamazirte.ch\/w\/?page_id=1347\">100 km de Bienne 2016<\/a><\/li>\n<li class=\"page_item page-item-1341\"><a href=\"http:\/\/association-douar-tamazirte.ch\/w\/?page_id=1341\">Repas de soutien 2016<\/a><\/li>\n<li class=\"page_item page-item-901\"><a href=\"http:\/\/association-douar-tamazirte.ch\/w\/?page_id=901\">100 km de Bienne 2015<\/a><\/li>\n<li class=\"page_item page-item-817\"><a href=\"http:\/\/association-douar-tamazirte.ch\/w\/?page_id=817\">Septembre 2014<\/a><\/li>\n<li class=\"page_item page-item-783\"><a href=\"http:\/\/association-douar-tamazirte.ch\/w\/?page_id=783\">100 km de Bienne 2014<\/a><\/li>\n<li class=\"page_item page-item-303\"><a href=\"http:\/\/association-douar-tamazirte.ch\/w\/?page_id=303\">Articles de Presse<\/a><\/li>\n<li class=\"page_item page-item-692\"><a href=\"http:\/\/association-douar-tamazirte.ch\/w\/?page_id=692\">Repas de soutien 2014<\/a><\/li>\n<li class=\"page_item page-item-589\"><a href=\"http:\/\/association-douar-tamazirte.ch\/w\/?page_id=589\">Mes pieds aux chaud pour l&rsquo;hiver &#8211; Septembre 2013<\/a><\/li>\n<li class=\"page_item page-item-101\"><a href=\"http:\/\/association-douar-tamazirte.ch\/w\/?page_id=101\">Ma veste chaude pour &#8230; l&rsquo;hiver Septembre 2012<\/a><\/li>\n<li class=\"page_item page-item-147\"><a href=\"http:\/\/association-douar-tamazirte.ch\/w\/?page_id=147\">Septembre 2011 Distribution de surv\u00eatements aux enfants d\u00e9favoris\u00e9s<\/a><\/li>\n<li class=\"page_item page-item-161\"><a href=\"http:\/\/association-douar-tamazirte.ch\/w\/?page_id=161\">100 km de Bienne 2011<\/a><\/li>\n<li class=\"page_item page-item-170\"><a href=\"http:\/\/association-douar-tamazirte.ch\/w\/?page_id=170\">Octobre 2009 Mes pieds aux chaud cet hiver<\/a><\/li>\n<li class=\"page_item page-item-205\"><a href=\"http:\/\/association-douar-tamazirte.ch\/w\/?page_id=205\">Le Maroc Autrement<\/a><\/li>\n<li class=\"page_item page-item-247\"><a href=\"http:\/\/association-douar-tamazirte.ch\/w\/?page_id=247\">Sortie des enfants \u00e0 Essaouira Septembre 2008<\/a><\/li>\n<li class=\"page_item page-item-259\"><a href=\"http:\/\/association-douar-tamazirte.ch\/w\/?page_id=259\">Photos et vid\u00e9os MDS 2008<\/a><\/li>\n<li class=\"page_item page-item-295\"><a href=\"http:\/\/association-douar-tamazirte.ch\/w\/?page_id=295\">Articles de presse MDS 2008<\/a><\/li>\n<li class=\"page_item page-item-325\"><a href=\"http:\/\/association-douar-tamazirte.ch\/w\/?page_id=325\">Septembre 2007<\/a><\/li>\n<li class=\"page_item page-item-375\"><a href=\"http:\/\/association-douar-tamazirte.ch\/w\/?page_id=375\">choix de photos<\/a><\/li>\n\n<\/ul><br \/><!-- MetaSlider 168 not found --><\/p>\n\n","protected":false},"excerpt":{"rendered":"","protected":false},"author":1,"featured_media":0,"parent":0,"menu_order":80,"comment_status":"closed","ping_status":"closed","template":"sidebar-page.php","meta":{"footnotes":""},"class_list":["post-95","page","type-page","status-publish","hentry"],"jetpack_sharing_enabled":true,"_links":{"self":[{"href":"http:\/\/association-douar-tamazirte.ch\/w\/index.php?rest_route=\/wp\/v2\/pages\/95","targetHints":{"allow":["GET"]}}],"collection":[{"href":"http:\/\/association-douar-tamazirte.ch\/w\/index.php?rest_route=\/wp\/v2\/pages"}],"about":[{"href":"http:\/\/association-douar-tamazirte.ch\/w\/index.php?rest_route=\/wp\/v2\/types\/page"}],"author":[{"embeddable":true,"href":"http:\/\/association-douar-tamazirte.ch\/w\/index.php?rest_route=\/wp\/v2\/users\/1"}],"replies":[{"embeddable":true,"href":"http:\/\/association-douar-tamazirte.ch\/w\/index.php?rest_route=%2Fwp%2Fv2%2Fcomments&post=95"}],"version-history":[{"count":9,"href":"http:\/\/association-douar-tamazirte.ch\/w\/index.php?rest_route=\/wp\/v2\/pages\/95\/revisions"}],"predecessor-version":[{"id":1864,"href":"http:\/\/association-douar-tamazirte.ch\/w\/index.php?rest_route=\/wp\/v2\/pages\/95\/revisions\/1864"}],"wp:attachment":[{"href":"http:\/\/association-douar-tamazirte.ch\/w\/index.php?rest_route=%2Fwp%2Fv2%2Fmedia&parent=95"}],"curies":[{"name":"wp","href":"https:\/\/api.w.org\/{rel}","templated":true}]}}

<p>
<!-- Page-list plugin v.5.9 wordpress.org/plugins/page-list/ -->
<ul class="page-list ">
<li class="page_item page-item-1611"><a href="http://association-douar-tamazirte.ch/w/?page_id=1611">100 km de Bienne 2018</a></li>
<li class="page_item page-item-1347"><a href="http://association-douar-tamazirte.ch/w/?page_id=1347">100 km de Bienne 2016</a></li>
<li class="page_item page-item-1341"><a href="http://association-douar-tamazirte.ch/w/?page_id=1341">Repas de soutien 2016</a></li>
<li class="page_item page-item-901"><a href="http://association-douar-tamazirte.ch/w/?page_id=901">100 km de Bienne 2015</a></li>
<li class="page_item page-item-817"><a href="http://association-douar-tamazirte.ch/w/?page_id=817">Septembre 2014</a></li>
<li class="page_item page-item-783"><a href="http://association-douar-tamazirte.ch/w/?page_id=783">100 km de Bienne 2014</a></li>
<li class="page_item page-item-303"><a href="http://association-douar-tamazirte.ch/w/?page_id=303">Articles de Presse</a></li>
<li class="page_item page-item-692"><a href="http://association-douar-tamazirte.ch/w/?page_id=692">Repas de soutien 2014</a></li>
<li class="page_item page-item-589"><a href="http://association-douar-tamazirte.ch/w/?page_id=589">Mes pieds aux chaud pour l&rsquo;hiver &#8211; Septembre 2013</a></li>
<li class="page_item page-item-101"><a href="http://association-douar-tamazirte.ch/w/?page_id=101">Ma veste chaude pour &#8230; l&rsquo;hiver Septembre 2012</a></li>
<li class="page_item page-item-147"><a href="http://association-douar-tamazirte.ch/w/?page_id=147">Septembre 2011 Distribution de survêtements aux enfants défavorisés</a></li>
<li class="page_item page-item-161"><a href="http://association-douar-tamazirte.ch/w/?page_id=161">100 km de Bienne 2011</a></li>
<li class="page_item page-item-170"><a href="http://association-douar-tamazirte.ch/w/?page_id=170">Octobre 2009 Mes pieds aux chaud cet hiver</a></li>
<li class="page_item page-item-205"><a href="http://association-douar-tamazirte.ch/w/?page_id=205">Le Maroc Autrement</a></li>
<li class="page_item page-item-247"><a href="http://association-douar-tamazirte.ch/w/?page_id=247">Sortie des enfants à Essaouira Septembre 2008</a></li>
<li class="page_item page-item-259"><a href="http://association-douar-tamazirte.ch/w/?page_id=259">Photos et vidéos MDS 2008</a></li>
<li class="page_item page-item-295"><a href="http://association-douar-tamazirte.ch/w/?page_id=295">Articles de presse MDS 2008</a></li>
<li class="page_item page-item-325"><a href="http://association-douar-tamazirte.ch/w/?page_id=325">Septembre 2007</a></li>
<li class="page_item page-item-375"><a href="http://association-douar-tamazirte.ch/w/?page_id=375">choix de photos</a></li>

</ul><br /><!-- MetaSlider 168 not found --></p>
