{"id":913,"date":"2015-06-24T12:12:44","date_gmt":"2015-06-24T11:12:44","guid":{"rendered":"http:\/\/association-douar-tamazirte.ch\/w\/?page_id=913"},"modified":"2025-11-29T17:56:06","modified_gmt":"2025-11-29T16:56:06","slug":"100-km-en-faveur-des-enfants-defavorises","status":"publish","type":"page","link":"http:\/\/association-douar-tamazirte.ch\/w\/?page_id=913","title":{"rendered":"2024 &#8211; L&rsquo;eau, c&rsquo;est la vie !"},"content":{"rendered":"<p style=\"text-align: center;\"><span style=\"font-size: 14pt;\"><strong><span style=\"color: #ff0000;\">Des panneaux solaires et une nouvelle pompe pour le puits\u00a0<\/span><\/strong><\/span><\/p>\n<p>Nous avons financ\u00e9 l&rsquo;achat de panneaux solaires et une nouvelle pompe afin d&rsquo;obtenir de l&rsquo;eau \u00e0 180 m\u00e8tres de profondeur pour le village de Douzrou.<\/p>\n<ul style=\"list-style-type: circle;\">\n<li>En effet, il est, malheureusement, toujours n\u00e9cessaire de creuser plus profond afin d&rsquo;obtenir le l&rsquo;eau<\/li>\n<\/ul>\n<p>Les habitants de ce village ont travaill\u00e9 d&rsquo;arrache pied et sont tr\u00e8s heureux d&rsquo;obtenir cet or blanc !<\/p>\n\n\n<div data-carousel-extra='{&quot;blog_id&quot;:1,&quot;permalink&quot;:&quot;http:\/\/association-douar-tamazirte.ch\/w\/?page_id=913&quot;}' id='gallery-1' class='gallery galleryid-913 gallery-columns-3 gallery-size-thumbnail'><figure class='gallery-item'>\n\t\t\t<div class='gallery-icon landscape'>\n\t\t\t\t<a href='http:\/\/association-douar-tamazirte.ch\/w\/?attachment_id=3077'><img loading=\"lazy\" decoding=\"async\" width=\"150\" height=\"150\" src=\"http:\/\/association-douar-tamazirte.ch\/w\/wp-content\/uploads\/2025\/11\/i-150x150.jpg\" class=\"attachment-thumbnail size-thumbnail\" alt=\"\" data-attachment-id=\"3077\" data-permalink=\"http:\/\/association-douar-tamazirte.ch\/w\/?attachment_id=3077\" data-orig-file=\"http:\/\/association-douar-tamazirte.ch\/w\/wp-content\/uploads\/2025\/11\/i.jpg\" data-orig-size=\"1280,960\" data-comments-opened=\"0\" data-image-meta=\"{&quot;aperture&quot;:&quot;0&quot;,&quot;credit&quot;:&quot;&quot;,&quot;camera&quot;:&quot;&quot;,&quot;caption&quot;:&quot;&quot;,&quot;created_timestamp&quot;:&quot;0&quot;,&quot;copyright&quot;:&quot;&quot;,&quot;focal_length&quot;:&quot;0&quot;,&quot;iso&quot;:&quot;0&quot;,&quot;shutter_speed&quot;:&quot;0&quot;,&quot;title&quot;:&quot;&quot;,&quot;orientation&quot;:&quot;0&quot;}\" data-image-title=\"Douzrou 6\" data-image-description=\"\" data-image-caption=\"\" data-medium-file=\"http:\/\/association-douar-tamazirte.ch\/w\/wp-content\/uploads\/2025\/11\/i-300x225.jpg\" data-large-file=\"http:\/\/association-douar-tamazirte.ch\/w\/wp-content\/uploads\/2025\/11\/i-1024x768.jpg\" \/><\/a>\n\t\t\t<\/div><\/figure><figure class='gallery-item'>\n\t\t\t<div class='gallery-icon landscape'>\n\t\t\t\t<a href='http:\/\/association-douar-tamazirte.ch\/w\/?attachment_id=3076'><img loading=\"lazy\" decoding=\"async\" width=\"150\" height=\"150\" src=\"http:\/\/association-douar-tamazirte.ch\/w\/wp-content\/uploads\/2025\/11\/h-150x150.jpg\" class=\"attachment-thumbnail size-thumbnail\" alt=\"\" data-attachment-id=\"3076\" data-permalink=\"http:\/\/association-douar-tamazirte.ch\/w\/?attachment_id=3076\" data-orig-file=\"http:\/\/association-douar-tamazirte.ch\/w\/wp-content\/uploads\/2025\/11\/h.jpg\" data-orig-size=\"1280,960\" data-comments-opened=\"0\" data-image-meta=\"{&quot;aperture&quot;:&quot;0&quot;,&quot;credit&quot;:&quot;&quot;,&quot;camera&quot;:&quot;&quot;,&quot;caption&quot;:&quot;&quot;,&quot;created_timestamp&quot;:&quot;0&quot;,&quot;copyright&quot;:&quot;&quot;,&quot;focal_length&quot;:&quot;0&quot;,&quot;iso&quot;:&quot;0&quot;,&quot;shutter_speed&quot;:&quot;0&quot;,&quot;title&quot;:&quot;&quot;,&quot;orientation&quot;:&quot;0&quot;}\" data-image-title=\"Douzrou 7\" data-image-description=\"\" data-image-caption=\"\" data-medium-file=\"http:\/\/association-douar-tamazirte.ch\/w\/wp-content\/uploads\/2025\/11\/h-300x225.jpg\" data-large-file=\"http:\/\/association-douar-tamazirte.ch\/w\/wp-content\/uploads\/2025\/11\/h-1024x768.jpg\" \/><\/a>\n\t\t\t<\/div><\/figure><figure class='gallery-item'>\n\t\t\t<div class='gallery-icon landscape'>\n\t\t\t\t<a href='http:\/\/association-douar-tamazirte.ch\/w\/?attachment_id=3075'><img loading=\"lazy\" decoding=\"async\" width=\"150\" height=\"150\" src=\"http:\/\/association-douar-tamazirte.ch\/w\/wp-content\/uploads\/2025\/11\/g-150x150.jpg\" class=\"attachment-thumbnail size-thumbnail\" alt=\"\" data-attachment-id=\"3075\" data-permalink=\"http:\/\/association-douar-tamazirte.ch\/w\/?attachment_id=3075\" data-orig-file=\"http:\/\/association-douar-tamazirte.ch\/w\/wp-content\/uploads\/2025\/11\/g.jpg\" data-orig-size=\"1280,960\" data-comments-opened=\"0\" data-image-meta=\"{&quot;aperture&quot;:&quot;0&quot;,&quot;credit&quot;:&quot;&quot;,&quot;camera&quot;:&quot;&quot;,&quot;caption&quot;:&quot;&quot;,&quot;created_timestamp&quot;:&quot;0&quot;,&quot;copyright&quot;:&quot;&quot;,&quot;focal_length&quot;:&quot;0&quot;,&quot;iso&quot;:&quot;0&quot;,&quot;shutter_speed&quot;:&quot;0&quot;,&quot;title&quot;:&quot;&quot;,&quot;orientation&quot;:&quot;0&quot;}\" data-image-title=\"Douzrou 8\" data-image-description=\"\" data-image-caption=\"\" data-medium-file=\"http:\/\/association-douar-tamazirte.ch\/w\/wp-content\/uploads\/2025\/11\/g-300x225.jpg\" data-large-file=\"http:\/\/association-douar-tamazirte.ch\/w\/wp-content\/uploads\/2025\/11\/g-1024x768.jpg\" \/><\/a>\n\t\t\t<\/div><\/figure><figure class='gallery-item'>\n\t\t\t<div class='gallery-icon landscape'>\n\t\t\t\t<a href='http:\/\/association-douar-tamazirte.ch\/w\/?attachment_id=3074'><img loading=\"lazy\" decoding=\"async\" width=\"150\" height=\"150\" src=\"http:\/\/association-douar-tamazirte.ch\/w\/wp-content\/uploads\/2025\/11\/f-150x150.jpg\" class=\"attachment-thumbnail size-thumbnail\" alt=\"\" data-attachment-id=\"3074\" data-permalink=\"http:\/\/association-douar-tamazirte.ch\/w\/?attachment_id=3074\" data-orig-file=\"http:\/\/association-douar-tamazirte.ch\/w\/wp-content\/uploads\/2025\/11\/f.jpg\" data-orig-size=\"1280,960\" data-comments-opened=\"0\" data-image-meta=\"{&quot;aperture&quot;:&quot;0&quot;,&quot;credit&quot;:&quot;&quot;,&quot;camera&quot;:&quot;&quot;,&quot;caption&quot;:&quot;&quot;,&quot;created_timestamp&quot;:&quot;0&quot;,&quot;copyright&quot;:&quot;&quot;,&quot;focal_length&quot;:&quot;0&quot;,&quot;iso&quot;:&quot;0&quot;,&quot;shutter_speed&quot;:&quot;0&quot;,&quot;title&quot;:&quot;&quot;,&quot;orientation&quot;:&quot;0&quot;}\" data-image-title=\"Douzrou 10\" data-image-description=\"\" data-image-caption=\"\" data-medium-file=\"http:\/\/association-douar-tamazirte.ch\/w\/wp-content\/uploads\/2025\/11\/f-300x225.jpg\" data-large-file=\"http:\/\/association-douar-tamazirte.ch\/w\/wp-content\/uploads\/2025\/11\/f-1024x768.jpg\" \/><\/a>\n\t\t\t<\/div><\/figure><figure class='gallery-item'>\n\t\t\t<div class='gallery-icon landscape'>\n\t\t\t\t<a href='http:\/\/association-douar-tamazirte.ch\/w\/?attachment_id=3073'><img loading=\"lazy\" decoding=\"async\" width=\"150\" height=\"150\" src=\"http:\/\/association-douar-tamazirte.ch\/w\/wp-content\/uploads\/2025\/11\/e-150x150.jpg\" class=\"attachment-thumbnail size-thumbnail\" alt=\"\" data-attachment-id=\"3073\" data-permalink=\"http:\/\/association-douar-tamazirte.ch\/w\/?attachment_id=3073\" data-orig-file=\"http:\/\/association-douar-tamazirte.ch\/w\/wp-content\/uploads\/2025\/11\/e.jpg\" data-orig-size=\"1280,960\" data-comments-opened=\"0\" data-image-meta=\"{&quot;aperture&quot;:&quot;0&quot;,&quot;credit&quot;:&quot;&quot;,&quot;camera&quot;:&quot;&quot;,&quot;caption&quot;:&quot;&quot;,&quot;created_timestamp&quot;:&quot;0&quot;,&quot;copyright&quot;:&quot;&quot;,&quot;focal_length&quot;:&quot;0&quot;,&quot;iso&quot;:&quot;0&quot;,&quot;shutter_speed&quot;:&quot;0&quot;,&quot;title&quot;:&quot;&quot;,&quot;orientation&quot;:&quot;0&quot;}\" data-image-title=\"Douzrou 11\" data-image-description=\"\" data-image-caption=\"\" data-medium-file=\"http:\/\/association-douar-tamazirte.ch\/w\/wp-content\/uploads\/2025\/11\/e-300x225.jpg\" data-large-file=\"http:\/\/association-douar-tamazirte.ch\/w\/wp-content\/uploads\/2025\/11\/e-1024x768.jpg\" \/><\/a>\n\t\t\t<\/div><\/figure><figure class='gallery-item'>\n\t\t\t<div class='gallery-icon landscape'>\n\t\t\t\t<a href='http:\/\/association-douar-tamazirte.ch\/w\/?attachment_id=3072'><img loading=\"lazy\" decoding=\"async\" width=\"150\" height=\"150\" src=\"http:\/\/association-douar-tamazirte.ch\/w\/wp-content\/uploads\/2025\/11\/d-150x150.jpg\" class=\"attachment-thumbnail size-thumbnail\" alt=\"\" data-attachment-id=\"3072\" data-permalink=\"http:\/\/association-douar-tamazirte.ch\/w\/?attachment_id=3072\" data-orig-file=\"http:\/\/association-douar-tamazirte.ch\/w\/wp-content\/uploads\/2025\/11\/d.jpg\" data-orig-size=\"1280,960\" data-comments-opened=\"0\" data-image-meta=\"{&quot;aperture&quot;:&quot;0&quot;,&quot;credit&quot;:&quot;&quot;,&quot;camera&quot;:&quot;&quot;,&quot;caption&quot;:&quot;&quot;,&quot;created_timestamp&quot;:&quot;0&quot;,&quot;copyright&quot;:&quot;&quot;,&quot;focal_length&quot;:&quot;0&quot;,&quot;iso&quot;:&quot;0&quot;,&quot;shutter_speed&quot;:&quot;0&quot;,&quot;title&quot;:&quot;&quot;,&quot;orientation&quot;:&quot;0&quot;}\" data-image-title=\"Douzrou 2\" data-image-description=\"\" data-image-caption=\"\" data-medium-file=\"http:\/\/association-douar-tamazirte.ch\/w\/wp-content\/uploads\/2025\/11\/d-300x225.jpg\" data-large-file=\"http:\/\/association-douar-tamazirte.ch\/w\/wp-content\/uploads\/2025\/11\/d-1024x768.jpg\" \/><\/a>\n\t\t\t<\/div><\/figure>\n\t\t<\/div>\n\n\n\n\n<div style=\"width: 476px;\" class=\"wp-video\"><video class=\"wp-video-shortcode\" id=\"video-913-1\" width=\"476\" height=\"848\" preload=\"metadata\" controls=\"controls\"><source type=\"video\/mp4\" src=\"http:\/\/association-douar-tamazirte.ch\/w\/wp-content\/uploads\/2025\/11\/j.mp4?_=1\" \/><a href=\"http:\/\/association-douar-tamazirte.ch\/w\/wp-content\/uploads\/2025\/11\/j.mp4\">http:\/\/association-douar-tamazirte.ch\/w\/wp-content\/uploads\/2025\/11\/j.mp4<\/a><\/video><\/div>\n","protected":false},"excerpt":{"rendered":"<p>Des panneaux solaires et une nouvelle pompe pour le puits\u00a0 Nous avons financ\u00e9 l&rsquo;achat de panneaux solaires et une nouvelle pompe afin d&rsquo;obtenir de l&rsquo;eau \u00e0 180 m\u00e8tres de profondeur pour le village de Douzrou. En effet, il est, malheureusement, toujours n\u00e9cessaire de creuser plus profond afin d&rsquo;obtenir le l&rsquo;eau Les habitants de ce village &hellip; <a href=\"http:\/\/association-douar-tamazirte.ch\/w\/?page_id=913\" class=\"more-link\">Continuer la lecture de <span class=\"screen-reader-text\">2024 &#8211; L&rsquo;eau, c&rsquo;est la vie !<\/span> <span class=\"meta-nav\">&rarr;<\/span><\/a><\/p>\n","protected":false},"author":3,"featured_media":0,"parent":0,"menu_order":1999,"comment_status":"closed","ping_status":"closed","template":"sidebar-page.php","meta":{"footnotes":""},"class_list":["post-913","page","type-page","status-publish","hentry"],"jetpack_sharing_enabled":true,"_links":{"self":[{"href":"http:\/\/association-douar-tamazirte.ch\/w\/index.php?rest_route=\/wp\/v2\/pages\/913","targetHints":{"allow":["GET"]}}],"collection":[{"href":"http:\/\/association-douar-tamazirte.ch\/w\/index.php?rest_route=\/wp\/v2\/pages"}],"about":[{"href":"http:\/\/association-douar-tamazirte.ch\/w\/index.php?rest_route=\/wp\/v2\/types\/page"}],"author":[{"embeddable":true,"href":"http:\/\/association-douar-tamazirte.ch\/w\/index.php?rest_route=\/wp\/v2\/users\/3"}],"replies":[{"embeddable":true,"href":"http:\/\/association-douar-tamazirte.ch\/w\/index.php?rest_route=%2Fwp%2Fv2%2Fcomments&post=913"}],"version-history":[{"count":32,"href":"http:\/\/association-douar-tamazirte.ch\/w\/index.php?rest_route=\/wp\/v2\/pages\/913\/revisions"}],"predecessor-version":[{"id":3099,"href":"http:\/\/association-douar-tamazirte.ch\/w\/index.php?rest_route=\/wp\/v2\/pages\/913\/revisions\/3099"}],"wp:attachment":[{"href":"http:\/\/association-douar-tamazirte.ch\/w\/index.php?rest_route=%2Fwp%2Fv2%2Fmedia&parent=913"}],"curies":[{"name":"wp","href":"https:\/\/api.w.org\/{rel}","templated":true}]}}