{"id":506,"date":"2013-12-16T19:48:38","date_gmt":"2013-12-16T19:48:38","guid":{"rendered":"http:\/\/association-douar-tamazirte.ch\/w\/?page_id=506"},"modified":"2026-01-16T18:52:05","modified_gmt":"2026-01-16T17:52:05","slug":"nos-actions","status":"publish","type":"page","link":"http:\/\/association-douar-tamazirte.ch\/w\/?page_id=506","title":{"rendered":"Nos actions depuis 2001"},"content":{"rendered":"<p><strong><span style=\"color: #ff0000;\"><span style=\"text-decoration: underline;\">Depuis la cr\u00e9ation de notre association en 2001, nous avons pu <\/span>:<\/span><\/strong><\/p>\n<ul style=\"list-style-type: circle;\">\n<li><strong><span style=\"color: #0000ff;\">2001 \u00e0 2010<\/span> <\/strong>: Offrir le mat\u00e9riel scolaire \u00e0 plus de <strong><span style=\"color: #ff0000;\">2&rsquo;000<\/span><\/strong> enfants<\/li>\n<li><strong><span style=\"color: #008000;\">2003<\/span><\/strong> : Envoi de livres, habits, meubles et autres par camion<\/li>\n<li><strong><span style=\"color: #0000ff;\">2006<\/span><\/strong> : Distribution de couvertures \u00e0 l&rsquo;orphelinat d&rsquo;Amizmiz<\/li>\n<li><strong><span style=\"color: #008000;\">2006 \u00e0 2010<\/span> <\/strong>: Gestion d&rsquo;un local avec informatique et biblioth\u00e8que. Soutien scolaire<\/li>\n<li><strong><span style=\"color: #0000ff;\">2006<\/span><\/strong> : Envoi d&rsquo;un container de marchandises, livres, m\u00e9dical, informatique, etc<\/li>\n<li><strong><span style=\"color: #008000;\">2009<\/span><\/strong> : Distribution de <strong><span style=\"color: #ff0000;\">400<\/span><\/strong> paires de chaussures neuves et chaudes<\/li>\n<li><strong><span style=\"color: #0000ff;\">2010<\/span><\/strong> : Achat de <strong><span style=\"color: #ff0000;\">10&rsquo;000<\/span><\/strong> seringues pour les enfants malades des villages de montagne<\/li>\n<li><strong><span style=\"color: #008000;\">2011<\/span><\/strong> . <strong><span style=\"color: #ff0000;\">205<\/span><\/strong> surv\u00eatements pour faire du sport<\/li>\n<li><strong><span style=\"color: #0000ff;\">2012<\/span><\/strong> : <strong><span style=\"color: #ff0000;\">250<\/span><\/strong> enfants ont re\u00e7u de belles vestes chaudes<\/li>\n<li><strong><span style=\"color: #008000;\">2013 :\u00a0<\/span><span style=\"color: #ff0000;\">362<\/span> <\/strong>paires de chaussures neuves et chaudes pour les enfants de la montagne<\/li>\n<li><strong><span style=\"color: #0000ff;\">2014<\/span><\/strong> :<strong><span style=\"color: #ff0000;\"> 200<\/span> <\/strong>enfants ont re\u00e7u de beaux jeans et pull-overs bien chauds<\/li>\n<li><strong><span style=\"color: #339966;\">2015<\/span><\/strong> : <strong><span style=\"color: #ff0000;\">426<\/span><\/strong> enfants ont re\u00e7u <strong><span style=\"color: #ff0000;\">66<\/span><\/strong> trainings, <strong><span style=\"color: #ff0000;\">160<\/span><\/strong> coiuvertures et <strong><span style=\"color: #ff0000;\">200<\/span><\/strong> paires de chaussures<\/li>\n<li><strong><span style=\"color: #0000ff;\">2016<\/span><\/strong> : <strong><span style=\"color: #ff0000;\">300<\/span><\/strong> jolies vestes et <strong><span style=\"color: #ff0000;\">214<\/span><\/strong> couvertures chaudes pour les plus d\u00e9favoris\u00e9s<\/li>\n<li><strong><span style=\"color: #339966;\">2017<\/span><\/strong> : <strong><span style=\"color: #ff0000;\">100<\/span><\/strong> couvertures chaudes et financement d&rsquo;un puits \u00e0 2&rsquo;000 m\u00e8tres d&rsquo;altitude<\/li>\n<li><span style=\"color: #3366ff;\"><strong>2018<\/strong><\/span> : Cr\u00e9ation d&rsquo;une \u00e9quipe de foot au village de Tamairte<\/li>\n<li><strong><span style=\"color: #339966;\">2018<\/span><\/strong> : <strong><span style=\"color: #ff0000;\">300<\/span><\/strong> vestes et <strong><span style=\"color: #ff0000;\">300<\/span><\/strong> paires de chaussures pour les plus d\u00e9favoris\u00e9s<\/li>\n<li><span style=\"color: #0000ff;\"><strong>2019<\/strong><\/span> : <strong><span style=\"color: #ff0000;\">180<\/span><\/strong> enfants ont re\u00e7u des baskets et des trainings pour faire du sport !<\/li>\n<li><strong><span style=\"color: #339966;\">2020<\/span> <\/strong>: R\u00e9fection d&rsquo;un local \u00e0 l&rsquo;\u00e9cole pour les enfants &#8211; aide scolaire et culturelle<\/li>\n<li><strong><span style=\"color: #0000ff;\">2020<\/span><\/strong> : Aide d&rsquo;urgence \u00a0\u00bb COVID \u00ab\u00a0, <strong><span style=\"color: #ff0000;\">320 familles soit environ 1&rsquo;400 personnes<\/span><\/strong><\/li>\n<li><span style=\"color: #008000;\"><strong>2021<\/strong><\/span> : Nouvelle aide d&rsquo;urgence \u00a0\u00bb COVID \u00ab\u00a0, <span style=\"color: #ff0000;\"><strong>180 familles avec beaucoup\u00a0 d&rsquo;enfants !<\/strong><\/span><\/li>\n<li><strong><span style=\"color: #0000ff;\">2022<\/span><\/strong> :<strong><span style=\"color: #ff0000;\"> Des toilettes pour les enfants !<\/span> <\/strong>A c\u00f4t\u00e9 de l&rsquo;\u00e9cole dans un village de montagne<\/li>\n<li><strong><span style=\"color: #008000;\">2023<\/span><\/strong> : En raison du terrible s\u00e9isme, nous avons engag\u00e9 une r\u00e9colte de fonds<\/li>\n<li><strong><span style=\"color: #0000ff;\">2024<\/span><\/strong> : Nous avons financ\u00e9 <strong><span style=\"color: #ff0000;\">7 actions en relation avec le terrible s\u00e9isme<\/span><\/strong> :<\/li>\n<li><strong><span style=\"color: #ff0000;\">310 familles<\/span> <\/strong>ont re\u00e7u de l&rsquo;aide alimentaire<\/li>\n<li><strong><span style=\"color: #ff0000;\">10&rsquo;300 kg<\/span> <\/strong>de compl\u00e9ment alimentaire pour les animaux dont la population d\u00e9pend<\/li>\n<li><span style=\"color: #ff0000;\"><strong>2 financements de panneaux solaires<\/strong><\/span> pour l&rsquo;extraction de l&rsquo;eau des puits<\/li>\n<li>\u00a0<\/li>\n<li>Un Immense et Sinc\u00e8re MERCI \u00e0 toutes les personnes qui nous font confiance et qui nous permettent de continuer nos actions envers les enfants !<\/li>\n<\/ul>\n\n\n\n\n\n","protected":false},"excerpt":{"rendered":"<p>Depuis la cr\u00e9ation de notre association en 2001, nous avons pu : 2001 \u00e0 2010 : Offrir le mat\u00e9riel scolaire \u00e0 plus de 2&rsquo;000 enfants 2003 : Envoi de livres, habits, meubles et autres par camion 2006 : Distribution de couvertures \u00e0 l&rsquo;orphelinat d&rsquo;Amizmiz 2006 \u00e0 2010 : Gestion d&rsquo;un local avec informatique et biblioth\u00e8que. &hellip; <a href=\"http:\/\/association-douar-tamazirte.ch\/w\/?page_id=506\" class=\"more-link\">Continuer la lecture de <span class=\"screen-reader-text\">Nos actions depuis 2001<\/span> <span class=\"meta-nav\">&rarr;<\/span><\/a><\/p>\n","protected":false},"author":3,"featured_media":0,"parent":0,"menu_order":60,"comment_status":"closed","ping_status":"closed","template":"","meta":{"footnotes":""},"class_list":["post-506","page","type-page","status-publish","hentry"],"jetpack_sharing_enabled":true,"_links":{"self":[{"href":"http:\/\/association-douar-tamazirte.ch\/w\/index.php?rest_route=\/wp\/v2\/pages\/506","targetHints":{"allow":["GET"]}}],"collection":[{"href":"http:\/\/association-douar-tamazirte.ch\/w\/index.php?rest_route=\/wp\/v2\/pages"}],"about":[{"href":"http:\/\/association-douar-tamazirte.ch\/w\/index.php?rest_route=\/wp\/v2\/types\/page"}],"author":[{"embeddable":true,"href":"http:\/\/association-douar-tamazirte.ch\/w\/index.php?rest_route=\/wp\/v2\/users\/3"}],"replies":[{"embeddable":true,"href":"http:\/\/association-douar-tamazirte.ch\/w\/index.php?rest_route=%2Fwp%2Fv2%2Fcomments&post=506"}],"version-history":[{"count":18,"href":"http:\/\/association-douar-tamazirte.ch\/w\/index.php?rest_route=\/wp\/v2\/pages\/506\/revisions"}],"predecessor-version":[{"id":3364,"href":"http:\/\/association-douar-tamazirte.ch\/w\/index.php?rest_route=\/wp\/v2\/pages\/506\/revisions\/3364"}],"wp:attachment":[{"href":"http:\/\/association-douar-tamazirte.ch\/w\/index.php?rest_route=%2Fwp%2Fv2%2Fmedia&parent=506"}],"curies":[{"name":"wp","href":"https:\/\/api.w.org\/{rel}","templated":true}]}}