{"id":488,"date":"2013-12-11T09:47:18","date_gmt":"2013-12-11T09:47:18","guid":{"rendered":"http:\/\/association-douar-tamazirte.ch\/w\/?page_id=488"},"modified":"2019-07-22T11:30:19","modified_gmt":"2019-07-22T10:30:19","slug":"projets","status":"publish","type":"page","link":"http:\/\/association-douar-tamazirte.ch\/w\/?page_id=488","title":{"rendered":"100 km de Bienne 2019"},"content":{"rendered":"\n<div class=\"alignnormal\"><div id=\"metaslider-id-1746\" style=\"max-width: 600px; margin: 0 auto;\" class=\"ml-slider-3-104-0 metaslider metaslider-responsive metaslider-1746 ml-slider has-dots-nav ms-theme-disjoint\" role=\"region\" aria-label=\"Bienne 2019\" data-height=\"500\" data-width=\"600\">\n    <div id=\"metaslider_container_1746\">\n        <ul id='metaslider_1746' class='rslides'>\n            <li aria-roledescription='slide' aria-labelledby='slide-0'><img loading=\"lazy\" decoding=\"async\" src=\"http:\/\/association-douar-tamazirte.ch\/w\/wp-content\/uploads\/2019\/07\/LE-TEAM-600x500.jpg\" height=\"500\" width=\"600\" alt=\"\" class=\"slider-1746 slide-1748 msDefaultImage\" \/><\/li>\n        <\/ul>\n        \n    <\/div>\n<\/div><\/div>\n\n\n\n<p style=\"text-align:center\" class=\"has-medium-font-size\"><span style=\"color:#1982d1\" class=\"tadv-color\"><strong>3 d\u00e9fis d&rsquo;ultra-endurance<\/strong><\/span><\/p>\n\n\n<p style=\"text-align: center;\"><span style=\"color: #ff0000; font-size: 18pt;\"><strong>6 jambes + 3 c\u0153urs <\/strong><strong>pour le sourire des enfants !<\/strong><\/span><\/p>\n<h1>Mina Richoz, Davide Pinto et Alain Rouiller ont particip\u00e9 aux 100 km de Bienne les 7 et 8 juin 2019 ! &#8211; <a href=\"http:\/\/www.100km.ch\">http:\/\/www.100km.ch<\/a><\/h1>\n<p><strong>Les 100 km de Bienne c&rsquo;est : une \u00e9preuve internationale, une des plus difficiles organis\u00e9es en Suisse !<\/strong><\/p>\n<p><strong>Un Immense Merci \u00e0 Miguel, Manu et Fernando, les 3<\/strong> <strong>coachs \u00e0 v\u00e9lo qui les ont accompagn\u00e9 durant l&rsquo;\u00e9preuve !\u00a0<\/strong><strong>Et bien-s\u00fbr, un Immense et Sinc\u00e8re MERCI \u00e0 toutes les personnes qui ont sponsoris\u00e9 les 100 km et qui nous permettent ainsi de continuer nos actions envers les enfants d\u00e9favoris\u00e9s !\u00a0\u00a0<\/strong><\/p>\n<p style=\"text-align: center;\"><span style=\"font-size: 24pt;\"><strong><span style=\"color: #ff0000;\">MERCI POUR EUX\u00a0!!<\/span><\/strong><\/span><\/p>\n<p>\u00a0<\/p>","protected":false},"excerpt":{"rendered":"<p>3 d\u00e9fis d&rsquo;ultra-endurance 6 jambes + 3 c\u0153urs pour le sourire des enfants ! Mina Richoz, Davide Pinto et Alain Rouiller ont particip\u00e9 aux 100 km de Bienne les 7 et 8 juin 2019 ! &#8211; http:\/\/www.100km.ch Les 100 km de Bienne c&rsquo;est : une \u00e9preuve internationale, une des plus difficiles organis\u00e9es en Suisse ! &hellip; <a href=\"http:\/\/association-douar-tamazirte.ch\/w\/?page_id=488\" class=\"more-link\">Continuer la lecture de <span class=\"screen-reader-text\">100 km de Bienne 2019<\/span> <span class=\"meta-nav\">&rarr;<\/span><\/a><\/p>\n","protected":false},"author":1,"featured_media":0,"parent":0,"menu_order":260,"comment_status":"closed","ping_status":"closed","template":"sidebar-page.php","meta":{"footnotes":""},"class_list":["post-488","page","type-page","status-publish","hentry"],"jetpack_sharing_enabled":true,"_links":{"self":[{"href":"http:\/\/association-douar-tamazirte.ch\/w\/index.php?rest_route=\/wp\/v2\/pages\/488","targetHints":{"allow":["GET"]}}],"collection":[{"href":"http:\/\/association-douar-tamazirte.ch\/w\/index.php?rest_route=\/wp\/v2\/pages"}],"about":[{"href":"http:\/\/association-douar-tamazirte.ch\/w\/index.php?rest_route=\/wp\/v2\/types\/page"}],"author":[{"embeddable":true,"href":"http:\/\/association-douar-tamazirte.ch\/w\/index.php?rest_route=\/wp\/v2\/users\/1"}],"replies":[{"embeddable":true,"href":"http:\/\/association-douar-tamazirte.ch\/w\/index.php?rest_route=%2Fwp%2Fv2%2Fcomments&post=488"}],"version-history":[{"count":66,"href":"http:\/\/association-douar-tamazirte.ch\/w\/index.php?rest_route=\/wp\/v2\/pages\/488\/revisions"}],"predecessor-version":[{"id":1768,"href":"http:\/\/association-douar-tamazirte.ch\/w\/index.php?rest_route=\/wp\/v2\/pages\/488\/revisions\/1768"}],"wp:attachment":[{"href":"http:\/\/association-douar-tamazirte.ch\/w\/index.php?rest_route=%2Fwp%2Fv2%2Fmedia&parent=488"}],"curies":[{"name":"wp","href":"https:\/\/api.w.org\/{rel}","templated":true}]}}

<div class="alignnormal"><div id="metaslider-id-1746" style="max-width: 600px; margin: 0 auto;" class="ml-slider-3-104-0 metaslider metaslider-responsive metaslider-1746 ml-slider has-dots-nav ms-theme-disjoint" role="region" aria-label="Bienne 2019" data-height="500" data-width="600">
    <div id="metaslider_container_1746">
        <ul id='metaslider_1746' class='rslides'>
            <li aria-roledescription='slide' aria-labelledby='slide-0'><img loading="lazy" decoding="async" src="http://association-douar-tamazirte.ch/w/wp-content/uploads/2019/07/LE-TEAM-600x500.jpg" height="500" width="600" alt="" class="slider-1746 slide-1748 msDefaultImage" /></li>
        </ul>
        
    </div>
</div></div>



<p style="text-align:center" class="has-medium-font-size"><span style="color:#1982d1" class="tadv-color"><strong>3 défis d&rsquo;ultra-endurance</strong></span></p>


<p style="text-align: center;"><span style="color: #ff0000; font-size: 18pt;"><strong>6 jambes + 3 cœurs </strong><strong>pour le sourire des enfants !</strong></span></p>
<h1>Mina Richoz, Davide Pinto et Alain Rouiller ont participé aux 100 km de Bienne les 7 et 8 juin 2019 ! &#8211; <a href="http://www.100km.ch">http://www.100km.ch</a></h1>
<p><strong>Les 100 km de Bienne c&rsquo;est : une épreuve internationale, une des plus difficiles organisées en Suisse !</strong></p>
<p><strong>Un Immense Merci à Miguel, Manu et Fernando, les 3</strong> <strong>coachs à vélo qui les ont accompagné durant l&rsquo;épreuve ! </strong><strong>Et bien-sûr, un Immense et Sincère MERCI à toutes les personnes qui ont sponsorisé les 100 km et qui nous permettent ainsi de continuer nos actions envers les enfants défavorisés !  </strong></p>
<p style="text-align: center;"><span style="font-size: 24pt;"><strong><span style="color: #ff0000;">MERCI POUR EUX !!</span></strong></span></p>
<p> </p>

<p>3 défis d&rsquo;ultra-endurance 6 jambes + 3 cœurs pour le sourire des enfants ! Mina Richoz, Davide Pinto et Alain Rouiller ont participé aux 100 km de Bienne les 7 et 8 juin 2019 ! &#8211; http://www.100km.ch Les 100 km de Bienne c&rsquo;est : une épreuve internationale, une des plus difficiles organisées en Suisse ! &hellip; <a href="http://association-douar-tamazirte.ch/w/?page_id=488" class="more-link">Continuer la lecture de <span class="screen-reader-text">100 km de Bienne 2019</span> <span class="meta-nav">&rarr;</span></a></p>
