{"id":441,"date":"2013-12-11T08:51:50","date_gmt":"2013-12-11T08:51:50","guid":{"rendered":"http:\/\/association-douar-tamazirte.ch\/w\/?page_id=441"},"modified":"2026-01-16T17:42:25","modified_gmt":"2026-01-16T16:42:25","slug":"qui-sommes-nous","status":"publish","type":"page","link":"http:\/\/association-douar-tamazirte.ch\/w\/?page_id=441","title":{"rendered":"A propos de notre association"},"content":{"rendered":"<p>Notre association est n\u00e9e en 2001 \u00e0 l&rsquo;initiative de trois jeunes du village de Tamazirte afin d&rsquo;apporter de l&rsquo;aide aux enfants d\u00e9favoris\u00e9s de la r\u00e9gion.<\/p>\n<p>Notre association est \u00e0 but non lucratif, sans consid\u00e9ration politique ni religieuse. Nous sommes enti\u00e8rement b\u00e9n\u00e9voles.<\/p>\n<p><span style=\"color: #800000;\"><strong>CHF 1.00 re\u00e7u = CHF 1.00 en faveur de nos actions !<\/strong><\/span><\/p>\n<p>Nos principales actions :<\/p>\n<ul>\n<li>Achat de mat\u00e9riel scolaire afin que les enfants d\u00e9favoris\u00e9s puissent aller \u00e0 l&rsquo;\u00e9cole<\/li>\n<li>Achat de v\u00eatements, chaussures, couvertues, etc pour les enfants vivant dans les villages de montagnes o\u00f9 les conditions tant mat\u00e9rielles que climatiques sont difficiles.<\/li>\n<li>Autres actions ponctuelles en cas d&rsquo;\u00e9v\u00e9nements majeurs (COVID, s\u00e9sisme)<\/li>\n<li>Acc\u00e8s \u00e0 l&rsquo;eau, financement de puits, de panneaux solaires<\/li>\n<\/ul>\n<p style=\"text-align: center;\"><img loading=\"lazy\" decoding=\"async\" data-attachment-id=\"444\" data-permalink=\"http:\/\/association-douar-tamazirte.ch\/w\/?attachment_id=444\" data-orig-file=\"http:\/\/association-douar-tamazirte.ch\/w\/wp-content\/uploads\/2013\/12\/Qui_somme_nous.jpg\" data-orig-size=\"376,476\" data-comments-opened=\"0\" data-image-meta=\"{&quot;aperture&quot;:&quot;0&quot;,&quot;credit&quot;:&quot;&quot;,&quot;camera&quot;:&quot;&quot;,&quot;caption&quot;:&quot;&quot;,&quot;created_timestamp&quot;:&quot;0&quot;,&quot;copyright&quot;:&quot;&quot;,&quot;focal_length&quot;:&quot;0&quot;,&quot;iso&quot;:&quot;0&quot;,&quot;shutter_speed&quot;:&quot;0&quot;,&quot;title&quot;:&quot;&quot;}\" data-image-title=\"Qui_somme_nous\" data-image-description=\"\" data-image-caption=\"\" data-medium-file=\"http:\/\/association-douar-tamazirte.ch\/w\/wp-content\/uploads\/2013\/12\/Qui_somme_nous-236x300.jpg\" data-large-file=\"http:\/\/association-douar-tamazirte.ch\/w\/wp-content\/uploads\/2013\/12\/Qui_somme_nous.jpg\" class=\"aligncenter size-full wp-image-444\" style=\"border: 0px none;\" src=\"http:\/\/association-douar-tamazirte.ch\/w\/wp-content\/uploads\/2013\/12\/Qui_somme_nous.jpg\" alt=\"Qui_somme_nous\" width=\"376\" height=\"476\" srcset=\"http:\/\/association-douar-tamazirte.ch\/w\/wp-content\/uploads\/2013\/12\/Qui_somme_nous.jpg 376w, http:\/\/association-douar-tamazirte.ch\/w\/wp-content\/uploads\/2013\/12\/Qui_somme_nous-236x300.jpg 236w\" sizes=\"auto, (max-width: 376px) 100vw, 376px\" \/><\/p>\n<p style=\"text-align: center;\">Le Douar de Tamazirte se trouve \u00e0 54 km au sud de Marrakech,<br \/>\ndans la r\u00e9gion d&rsquo;Amizmiz, au pied du Haut Atlas occidental.<\/p>\n","protected":false},"excerpt":{"rendered":"<p>Notre association est n\u00e9e en 2001 \u00e0 l&rsquo;initiative de trois jeunes du village de Tamazirte afin d&rsquo;apporter de l&rsquo;aide aux enfants d\u00e9favoris\u00e9s de la r\u00e9gion. Notre association est \u00e0 but non lucratif, sans consid\u00e9ration politique ni religieuse. Nous sommes enti\u00e8rement b\u00e9n\u00e9voles. CHF 1.00 re\u00e7u = CHF 1.00 en faveur de nos actions ! Nos principales &hellip; <a href=\"http:\/\/association-douar-tamazirte.ch\/w\/?page_id=441\" class=\"more-link\">Continuer la lecture de <span class=\"screen-reader-text\">A propos de notre association<\/span> <span class=\"meta-nav\">&rarr;<\/span><\/a><\/p>\n","protected":false},"author":1,"featured_media":0,"parent":0,"menu_order":10,"comment_status":"closed","ping_status":"closed","template":"","meta":{"footnotes":""},"class_list":["post-441","page","type-page","status-publish","hentry"],"jetpack_sharing_enabled":true,"_links":{"self":[{"href":"http:\/\/association-douar-tamazirte.ch\/w\/index.php?rest_route=\/wp\/v2\/pages\/441","targetHints":{"allow":["GET"]}}],"collection":[{"href":"http:\/\/association-douar-tamazirte.ch\/w\/index.php?rest_route=\/wp\/v2\/pages"}],"about":[{"href":"http:\/\/association-douar-tamazirte.ch\/w\/index.php?rest_route=\/wp\/v2\/types\/page"}],"author":[{"embeddable":true,"href":"http:\/\/association-douar-tamazirte.ch\/w\/index.php?rest_route=\/wp\/v2\/users\/1"}],"replies":[{"embeddable":true,"href":"http:\/\/association-douar-tamazirte.ch\/w\/index.php?rest_route=%2Fwp%2Fv2%2Fcomments&post=441"}],"version-history":[{"count":10,"href":"http:\/\/association-douar-tamazirte.ch\/w\/index.php?rest_route=\/wp\/v2\/pages\/441\/revisions"}],"predecessor-version":[{"id":3351,"href":"http:\/\/association-douar-tamazirte.ch\/w\/index.php?rest_route=\/wp\/v2\/pages\/441\/revisions\/3351"}],"wp:attachment":[{"href":"http:\/\/association-douar-tamazirte.ch\/w\/index.php?rest_route=%2Fwp%2Fv2%2Fmedia&parent=441"}],"curies":[{"name":"wp","href":"https:\/\/api.w.org\/{rel}","templated":true}]}}

<p>Notre association est née en 2001 à l&rsquo;initiative de trois jeunes du village de Tamazirte afin d&rsquo;apporter de l&rsquo;aide aux enfants défavorisés de la région.</p>
<p>Notre association est à but non lucratif, sans considération politique ni religieuse. Nous sommes entièrement bénévoles.</p>
<p><span style="color: #800000;"><strong>CHF 1.00 reçu = CHF 1.00 en faveur de nos actions !</strong></span></p>
<p>Nos principales actions :</p>
<ul>
<li>Achat de matériel scolaire afin que les enfants défavorisés puissent aller à l&rsquo;école</li>
<li>Achat de vêtements, chaussures, couvertues, etc pour les enfants vivant dans les villages de montagnes où les conditions tant matérielles que climatiques sont difficiles.</li>
<li>Autres actions ponctuelles en cas d&rsquo;événements majeurs (COVID, sésisme)</li>
<li>Accès à l&rsquo;eau, financement de puits, de panneaux solaires</li>
</ul>
<p style="text-align: center;"><img loading="lazy" decoding="async" data-attachment-id="444" data-permalink="http://association-douar-tamazirte.ch/w/?attachment_id=444" data-orig-file="http://association-douar-tamazirte.ch/w/wp-content/uploads/2013/12/Qui_somme_nous.jpg" data-orig-size="376,476" data-comments-opened="0" data-image-meta="{&quot;aperture&quot;:&quot;0&quot;,&quot;credit&quot;:&quot;&quot;,&quot;camera&quot;:&quot;&quot;,&quot;caption&quot;:&quot;&quot;,&quot;created_timestamp&quot;:&quot;0&quot;,&quot;copyright&quot;:&quot;&quot;,&quot;focal_length&quot;:&quot;0&quot;,&quot;iso&quot;:&quot;0&quot;,&quot;shutter_speed&quot;:&quot;0&quot;,&quot;title&quot;:&quot;&quot;}" data-image-title="Qui_somme_nous" data-image-description="" data-image-caption="" data-medium-file="http://association-douar-tamazirte.ch/w/wp-content/uploads/2013/12/Qui_somme_nous-236x300.jpg" data-large-file="http://association-douar-tamazirte.ch/w/wp-content/uploads/2013/12/Qui_somme_nous.jpg" class="aligncenter size-full wp-image-444" style="border: 0px none;" src="http://association-douar-tamazirte.ch/w/wp-content/uploads/2013/12/Qui_somme_nous.jpg" alt="Qui_somme_nous" width="376" height="476" srcset="http://association-douar-tamazirte.ch/w/wp-content/uploads/2013/12/Qui_somme_nous.jpg 376w, http://association-douar-tamazirte.ch/w/wp-content/uploads/2013/12/Qui_somme_nous-236x300.jpg 236w" sizes="auto, (max-width: 376px) 100vw, 376px" /></p>
<p style="text-align: center;">Le Douar de Tamazirte se trouve à 54 km au sud de Marrakech,<br />
dans la région d&rsquo;Amizmiz, au pied du Haut Atlas occidental.</p>

<p>Notre association est née en 2001 à l&rsquo;initiative de trois jeunes du village de Tamazirte afin d&rsquo;apporter de l&rsquo;aide aux enfants défavorisés de la région. Notre association est à but non lucratif, sans considération politique ni religieuse. Nous sommes entièrement bénévoles. CHF 1.00 reçu = CHF 1.00 en faveur de nos actions ! Nos principales &hellip; <a href="http://association-douar-tamazirte.ch/w/?page_id=441" class="more-link">Continuer la lecture de <span class="screen-reader-text">A propos de notre association</span> <span class="meta-nav">&rarr;</span></a></p>
