{"id":3255,"date":"2025-12-07T17:25:41","date_gmt":"2025-12-07T16:25:41","guid":{"rendered":"http:\/\/association-douar-tamazirte.ch\/w\/?page_id=3255"},"modified":"2025-12-07T17:57:21","modified_gmt":"2025-12-07T16:57:21","slug":"2025-village-imin-tala","status":"publish","type":"page","link":"http:\/\/association-douar-tamazirte.ch\/w\/?page_id=3255","title":{"rendered":"2025 &#8211; Village Imin Tala"},"content":{"rendered":"\n<p>En 2023, le village de Imin Tala a \u00e9t\u00e9 compl\u00e8tement d\u00e9truit par le s\u00e9isme.<\/p>\n<p>En phase de reconstruction, nous avons financ\u00e9 l&rsquo;achat de 2&rsquo;000 tuyaux afin de raccorder l&rsquo;eau au nouveau village. Une aide pr\u00e9cieuse pour les habitants et les enfants qui n&rsquo;ont plus \u00e0 marcher 2 kilom\u00e8tres pour trouver&#8230; de l&rsquo;eau !<\/p>\n\n\n\n<div style=\"width: 480px;\" class=\"wp-video\"><video class=\"wp-video-shortcode\" id=\"video-3255-1\" width=\"480\" height=\"864\" poster=\"http:\/\/association-douar-tamazirte.ch\/w\/wp-content\/uploads\/2025\/11\/IMG-20251025-WA0005.jpg\" preload=\"metadata\" controls=\"controls\"><source type=\"video\/mp4\" src=\"http:\/\/association-douar-tamazirte.ch\/w\/wp-content\/uploads\/2025\/11\/VID-20251028-WA0002.mp4?_=1\" \/><a href=\"http:\/\/association-douar-tamazirte.ch\/w\/wp-content\/uploads\/2025\/11\/VID-20251028-WA0002.mp4\">http:\/\/association-douar-tamazirte.ch\/w\/wp-content\/uploads\/2025\/11\/VID-20251028-WA0002.mp4<\/a><\/video><\/div>\n<p><a href=\"http:\/\/association-douar-tamazirte.ch\/w\/wp-content\/uploads\/2025\/11\/IMG-20251028-WA0000.jpg\"><img loading=\"lazy\" decoding=\"async\" data-attachment-id=\"3050\" data-permalink=\"http:\/\/association-douar-tamazirte.ch\/w\/?attachment_id=3050\" data-orig-file=\"http:\/\/association-douar-tamazirte.ch\/w\/wp-content\/uploads\/2025\/11\/IMG-20251028-WA0000.jpg\" data-orig-size=\"1200,1600\" data-comments-opened=\"0\" data-image-meta=\"{&quot;aperture&quot;:&quot;0&quot;,&quot;credit&quot;:&quot;&quot;,&quot;camera&quot;:&quot;&quot;,&quot;caption&quot;:&quot;&quot;,&quot;created_timestamp&quot;:&quot;0&quot;,&quot;copyright&quot;:&quot;&quot;,&quot;focal_length&quot;:&quot;0&quot;,&quot;iso&quot;:&quot;0&quot;,&quot;shutter_speed&quot;:&quot;0&quot;,&quot;title&quot;:&quot;&quot;,&quot;orientation&quot;:&quot;0&quot;}\" data-image-title=\"Imin Tala 2025 B\" data-image-description=\"\" data-image-caption=\"\" data-medium-file=\"http:\/\/association-douar-tamazirte.ch\/w\/wp-content\/uploads\/2025\/11\/IMG-20251028-WA0000-225x300.jpg\" data-large-file=\"http:\/\/association-douar-tamazirte.ch\/w\/wp-content\/uploads\/2025\/11\/IMG-20251028-WA0000-768x1024.jpg\" class=\"alignnone size-medium wp-image-3050\" src=\"http:\/\/association-douar-tamazirte.ch\/w\/wp-content\/uploads\/2025\/11\/IMG-20251028-WA0000-225x300.jpg\" alt=\"\" width=\"225\" height=\"300\" srcset=\"http:\/\/association-douar-tamazirte.ch\/w\/wp-content\/uploads\/2025\/11\/IMG-20251028-WA0000-225x300.jpg 225w, http:\/\/association-douar-tamazirte.ch\/w\/wp-content\/uploads\/2025\/11\/IMG-20251028-WA0000-768x1024.jpg 768w, http:\/\/association-douar-tamazirte.ch\/w\/wp-content\/uploads\/2025\/11\/IMG-20251028-WA0000-1152x1536.jpg 1152w, http:\/\/association-douar-tamazirte.ch\/w\/wp-content\/uploads\/2025\/11\/IMG-20251028-WA0000.jpg 1200w\" sizes=\"auto, (max-width: 225px) 100vw, 225px\" \/><\/a><a href=\"http:\/\/association-douar-tamazirte.ch\/w\/wp-content\/uploads\/2025\/11\/IMG-20251025-WA0003.jpg\"><img loading=\"lazy\" decoding=\"async\" data-attachment-id=\"3048\" data-permalink=\"http:\/\/association-douar-tamazirte.ch\/w\/?attachment_id=3048\" data-orig-file=\"http:\/\/association-douar-tamazirte.ch\/w\/wp-content\/uploads\/2025\/11\/IMG-20251025-WA0003.jpg\" data-orig-size=\"1200,1600\" data-comments-opened=\"0\" data-image-meta=\"{&quot;aperture&quot;:&quot;0&quot;,&quot;credit&quot;:&quot;&quot;,&quot;camera&quot;:&quot;&quot;,&quot;caption&quot;:&quot;&quot;,&quot;created_timestamp&quot;:&quot;0&quot;,&quot;copyright&quot;:&quot;&quot;,&quot;focal_length&quot;:&quot;0&quot;,&quot;iso&quot;:&quot;0&quot;,&quot;shutter_speed&quot;:&quot;0&quot;,&quot;title&quot;:&quot;&quot;,&quot;orientation&quot;:&quot;0&quot;}\" data-image-title=\"Imin Tala 2025 D\" data-image-description=\"\" data-image-caption=\"\" data-medium-file=\"http:\/\/association-douar-tamazirte.ch\/w\/wp-content\/uploads\/2025\/11\/IMG-20251025-WA0003-225x300.jpg\" data-large-file=\"http:\/\/association-douar-tamazirte.ch\/w\/wp-content\/uploads\/2025\/11\/IMG-20251025-WA0003-768x1024.jpg\" class=\"alignnone size-medium wp-image-3048\" src=\"http:\/\/association-douar-tamazirte.ch\/w\/wp-content\/uploads\/2025\/11\/IMG-20251025-WA0003-225x300.jpg\" alt=\"\" width=\"225\" height=\"300\" srcset=\"http:\/\/association-douar-tamazirte.ch\/w\/wp-content\/uploads\/2025\/11\/IMG-20251025-WA0003-225x300.jpg 225w, http:\/\/association-douar-tamazirte.ch\/w\/wp-content\/uploads\/2025\/11\/IMG-20251025-WA0003-768x1024.jpg 768w, http:\/\/association-douar-tamazirte.ch\/w\/wp-content\/uploads\/2025\/11\/IMG-20251025-WA0003-1152x1536.jpg 1152w, http:\/\/association-douar-tamazirte.ch\/w\/wp-content\/uploads\/2025\/11\/IMG-20251025-WA0003.jpg 1200w\" sizes=\"auto, (max-width: 225px) 100vw, 225px\" \/><\/a><a href=\"http:\/\/association-douar-tamazirte.ch\/w\/wp-content\/uploads\/2025\/11\/IMG-20251025-WA0000.jpg\"><img loading=\"lazy\" decoding=\"async\" data-attachment-id=\"3046\" data-permalink=\"http:\/\/association-douar-tamazirte.ch\/w\/?attachment_id=3046\" data-orig-file=\"http:\/\/association-douar-tamazirte.ch\/w\/wp-content\/uploads\/2025\/11\/IMG-20251025-WA0000.jpg\" data-orig-size=\"1200,1600\" data-comments-opened=\"0\" data-image-meta=\"{&quot;aperture&quot;:&quot;0&quot;,&quot;credit&quot;:&quot;&quot;,&quot;camera&quot;:&quot;&quot;,&quot;caption&quot;:&quot;&quot;,&quot;created_timestamp&quot;:&quot;0&quot;,&quot;copyright&quot;:&quot;&quot;,&quot;focal_length&quot;:&quot;0&quot;,&quot;iso&quot;:&quot;0&quot;,&quot;shutter_speed&quot;:&quot;0&quot;,&quot;title&quot;:&quot;&quot;,&quot;orientation&quot;:&quot;0&quot;}\" data-image-title=\"Imin Tala 2025 F\" data-image-description=\"\" data-image-caption=\"\" data-medium-file=\"http:\/\/association-douar-tamazirte.ch\/w\/wp-content\/uploads\/2025\/11\/IMG-20251025-WA0000-225x300.jpg\" data-large-file=\"http:\/\/association-douar-tamazirte.ch\/w\/wp-content\/uploads\/2025\/11\/IMG-20251025-WA0000-768x1024.jpg\" class=\"alignnone size-medium wp-image-3046\" src=\"http:\/\/association-douar-tamazirte.ch\/w\/wp-content\/uploads\/2025\/11\/IMG-20251025-WA0000-225x300.jpg\" alt=\"\" width=\"225\" height=\"300\" srcset=\"http:\/\/association-douar-tamazirte.ch\/w\/wp-content\/uploads\/2025\/11\/IMG-20251025-WA0000-225x300.jpg 225w, http:\/\/association-douar-tamazirte.ch\/w\/wp-content\/uploads\/2025\/11\/IMG-20251025-WA0000-768x1024.jpg 768w, http:\/\/association-douar-tamazirte.ch\/w\/wp-content\/uploads\/2025\/11\/IMG-20251025-WA0000-1152x1536.jpg 1152w, http:\/\/association-douar-tamazirte.ch\/w\/wp-content\/uploads\/2025\/11\/IMG-20251025-WA0000.jpg 1200w\" sizes=\"auto, (max-width: 225px) 100vw, 225px\" \/><\/a><a href=\"http:\/\/association-douar-tamazirte.ch\/w\/wp-content\/uploads\/2025\/11\/IMG-20251025-WA0002.jpg\"><img loading=\"lazy\" decoding=\"async\" data-attachment-id=\"3047\" data-permalink=\"http:\/\/association-douar-tamazirte.ch\/w\/?attachment_id=3047\" data-orig-file=\"http:\/\/association-douar-tamazirte.ch\/w\/wp-content\/uploads\/2025\/11\/IMG-20251025-WA0002.jpg\" data-orig-size=\"1200,1600\" data-comments-opened=\"0\" data-image-meta=\"{&quot;aperture&quot;:&quot;0&quot;,&quot;credit&quot;:&quot;&quot;,&quot;camera&quot;:&quot;&quot;,&quot;caption&quot;:&quot;&quot;,&quot;created_timestamp&quot;:&quot;0&quot;,&quot;copyright&quot;:&quot;&quot;,&quot;focal_length&quot;:&quot;0&quot;,&quot;iso&quot;:&quot;0&quot;,&quot;shutter_speed&quot;:&quot;0&quot;,&quot;title&quot;:&quot;&quot;,&quot;orientation&quot;:&quot;0&quot;}\" data-image-title=\"Imin Tala 2025 E\" data-image-description=\"\" data-image-caption=\"\" data-medium-file=\"http:\/\/association-douar-tamazirte.ch\/w\/wp-content\/uploads\/2025\/11\/IMG-20251025-WA0002-225x300.jpg\" data-large-file=\"http:\/\/association-douar-tamazirte.ch\/w\/wp-content\/uploads\/2025\/11\/IMG-20251025-WA0002-768x1024.jpg\" class=\"alignnone size-medium wp-image-3047\" src=\"http:\/\/association-douar-tamazirte.ch\/w\/wp-content\/uploads\/2025\/11\/IMG-20251025-WA0002-225x300.jpg\" alt=\"\" width=\"225\" height=\"300\" srcset=\"http:\/\/association-douar-tamazirte.ch\/w\/wp-content\/uploads\/2025\/11\/IMG-20251025-WA0002-225x300.jpg 225w, http:\/\/association-douar-tamazirte.ch\/w\/wp-content\/uploads\/2025\/11\/IMG-20251025-WA0002-768x1024.jpg 768w, http:\/\/association-douar-tamazirte.ch\/w\/wp-content\/uploads\/2025\/11\/IMG-20251025-WA0002-1152x1536.jpg 1152w, http:\/\/association-douar-tamazirte.ch\/w\/wp-content\/uploads\/2025\/11\/IMG-20251025-WA0002.jpg 1200w\" sizes=\"auto, (max-width: 225px) 100vw, 225px\" \/><\/a><\/p>\n\n\n","protected":false},"excerpt":{"rendered":"<p>En 2023, le village de Imin Tala a \u00e9t\u00e9 compl\u00e8tement d\u00e9truit par le s\u00e9isme. En phase de reconstruction, nous avons financ\u00e9 l&rsquo;achat de 2&rsquo;000 tuyaux afin de raccorder l&rsquo;eau au nouveau village. Une aide pr\u00e9cieuse pour les habitants et les enfants qui n&rsquo;ont plus \u00e0 marcher 2 kilom\u00e8tres pour trouver&#8230; de l&rsquo;eau !<\/p>\n","protected":false},"author":3,"featured_media":0,"parent":0,"menu_order":2000,"comment_status":"closed","ping_status":"closed","template":"","meta":{"footnotes":""},"class_list":["post-3255","page","type-page","status-publish","hentry"],"jetpack_sharing_enabled":true,"_links":{"self":[{"href":"http:\/\/association-douar-tamazirte.ch\/w\/index.php?rest_route=\/wp\/v2\/pages\/3255","targetHints":{"allow":["GET"]}}],"collection":[{"href":"http:\/\/association-douar-tamazirte.ch\/w\/index.php?rest_route=\/wp\/v2\/pages"}],"about":[{"href":"http:\/\/association-douar-tamazirte.ch\/w\/index.php?rest_route=\/wp\/v2\/types\/page"}],"author":[{"embeddable":true,"href":"http:\/\/association-douar-tamazirte.ch\/w\/index.php?rest_route=\/wp\/v2\/users\/3"}],"replies":[{"embeddable":true,"href":"http:\/\/association-douar-tamazirte.ch\/w\/index.php?rest_route=%2Fwp%2Fv2%2Fcomments&post=3255"}],"version-history":[{"count":7,"href":"http:\/\/association-douar-tamazirte.ch\/w\/index.php?rest_route=\/wp\/v2\/pages\/3255\/revisions"}],"predecessor-version":[{"id":3283,"href":"http:\/\/association-douar-tamazirte.ch\/w\/index.php?rest_route=\/wp\/v2\/pages\/3255\/revisions\/3283"}],"wp:attachment":[{"href":"http:\/\/association-douar-tamazirte.ch\/w\/index.php?rest_route=%2Fwp%2Fv2%2Fmedia&parent=3255"}],"curies":[{"name":"wp","href":"https:\/\/api.w.org\/{rel}","templated":true}]}}

<p>En 2023, le village de Imin Tala a été complètement détruit par le séisme.</p>
<p>En phase de reconstruction, nous avons financé l&rsquo;achat de 2&rsquo;000 tuyaux afin de raccorder l&rsquo;eau au nouveau village. Une aide précieuse pour les habitants et les enfants qui n&rsquo;ont plus à marcher 2 kilomètres pour trouver&#8230; de l&rsquo;eau !</p>



<div style="width: 480px;" class="wp-video"><video class="wp-video-shortcode" id="video-3255-1" width="480" height="864" poster="http://association-douar-tamazirte.ch/w/wp-content/uploads/2025/11/IMG-20251025-WA0005.jpg" preload="metadata" controls="controls"><source type="video/mp4" src="http://association-douar-tamazirte.ch/w/wp-content/uploads/2025/11/VID-20251028-WA0002.mp4?_=1" /><a href="http://association-douar-tamazirte.ch/w/wp-content/uploads/2025/11/VID-20251028-WA0002.mp4">http://association-douar-tamazirte.ch/w/wp-content/uploads/2025/11/VID-20251028-WA0002.mp4</a></video></div>
<p><a href="http://association-douar-tamazirte.ch/w/wp-content/uploads/2025/11/IMG-20251028-WA0000.jpg"><img loading="lazy" decoding="async" data-attachment-id="3050" data-permalink="http://association-douar-tamazirte.ch/w/?attachment_id=3050" data-orig-file="http://association-douar-tamazirte.ch/w/wp-content/uploads/2025/11/IMG-20251028-WA0000.jpg" data-orig-size="1200,1600" data-comments-opened="0" data-image-meta="{&quot;aperture&quot;:&quot;0&quot;,&quot;credit&quot;:&quot;&quot;,&quot;camera&quot;:&quot;&quot;,&quot;caption&quot;:&quot;&quot;,&quot;created_timestamp&quot;:&quot;0&quot;,&quot;copyright&quot;:&quot;&quot;,&quot;focal_length&quot;:&quot;0&quot;,&quot;iso&quot;:&quot;0&quot;,&quot;shutter_speed&quot;:&quot;0&quot;,&quot;title&quot;:&quot;&quot;,&quot;orientation&quot;:&quot;0&quot;}" data-image-title="Imin Tala 2025 B" data-image-description="" data-image-caption="" data-medium-file="http://association-douar-tamazirte.ch/w/wp-content/uploads/2025/11/IMG-20251028-WA0000-225x300.jpg" data-large-file="http://association-douar-tamazirte.ch/w/wp-content/uploads/2025/11/IMG-20251028-WA0000-768x1024.jpg" class="alignnone size-medium wp-image-3050" src="http://association-douar-tamazirte.ch/w/wp-content/uploads/2025/11/IMG-20251028-WA0000-225x300.jpg" alt="" width="225" height="300" srcset="http://association-douar-tamazirte.ch/w/wp-content/uploads/2025/11/IMG-20251028-WA0000-225x300.jpg 225w, http://association-douar-tamazirte.ch/w/wp-content/uploads/2025/11/IMG-20251028-WA0000-768x1024.jpg 768w, http://association-douar-tamazirte.ch/w/wp-content/uploads/2025/11/IMG-20251028-WA0000-1152x1536.jpg 1152w, http://association-douar-tamazirte.ch/w/wp-content/uploads/2025/11/IMG-20251028-WA0000.jpg 1200w" sizes="auto, (max-width: 225px) 100vw, 225px" /></a><a href="http://association-douar-tamazirte.ch/w/wp-content/uploads/2025/11/IMG-20251025-WA0003.jpg"><img loading="lazy" decoding="async" data-attachment-id="3048" data-permalink="http://association-douar-tamazirte.ch/w/?attachment_id=3048" data-orig-file="http://association-douar-tamazirte.ch/w/wp-content/uploads/2025/11/IMG-20251025-WA0003.jpg" data-orig-size="1200,1600" data-comments-opened="0" data-image-meta="{&quot;aperture&quot;:&quot;0&quot;,&quot;credit&quot;:&quot;&quot;,&quot;camera&quot;:&quot;&quot;,&quot;caption&quot;:&quot;&quot;,&quot;created_timestamp&quot;:&quot;0&quot;,&quot;copyright&quot;:&quot;&quot;,&quot;focal_length&quot;:&quot;0&quot;,&quot;iso&quot;:&quot;0&quot;,&quot;shutter_speed&quot;:&quot;0&quot;,&quot;title&quot;:&quot;&quot;,&quot;orientation&quot;:&quot;0&quot;}" data-image-title="Imin Tala 2025 D" data-image-description="" data-image-caption="" data-medium-file="http://association-douar-tamazirte.ch/w/wp-content/uploads/2025/11/IMG-20251025-WA0003-225x300.jpg" data-large-file="http://association-douar-tamazirte.ch/w/wp-content/uploads/2025/11/IMG-20251025-WA0003-768x1024.jpg" class="alignnone size-medium wp-image-3048" src="http://association-douar-tamazirte.ch/w/wp-content/uploads/2025/11/IMG-20251025-WA0003-225x300.jpg" alt="" width="225" height="300" srcset="http://association-douar-tamazirte.ch/w/wp-content/uploads/2025/11/IMG-20251025-WA0003-225x300.jpg 225w, http://association-douar-tamazirte.ch/w/wp-content/uploads/2025/11/IMG-20251025-WA0003-768x1024.jpg 768w, http://association-douar-tamazirte.ch/w/wp-content/uploads/2025/11/IMG-20251025-WA0003-1152x1536.jpg 1152w, http://association-douar-tamazirte.ch/w/wp-content/uploads/2025/11/IMG-20251025-WA0003.jpg 1200w" sizes="auto, (max-width: 225px) 100vw, 225px" /></a><a href="http://association-douar-tamazirte.ch/w/wp-content/uploads/2025/11/IMG-20251025-WA0000.jpg"><img loading="lazy" decoding="async" data-attachment-id="3046" data-permalink="http://association-douar-tamazirte.ch/w/?attachment_id=3046" data-orig-file="http://association-douar-tamazirte.ch/w/wp-content/uploads/2025/11/IMG-20251025-WA0000.jpg" data-orig-size="1200,1600" data-comments-opened="0" data-image-meta="{&quot;aperture&quot;:&quot;0&quot;,&quot;credit&quot;:&quot;&quot;,&quot;camera&quot;:&quot;&quot;,&quot;caption&quot;:&quot;&quot;,&quot;created_timestamp&quot;:&quot;0&quot;,&quot;copyright&quot;:&quot;&quot;,&quot;focal_length&quot;:&quot;0&quot;,&quot;iso&quot;:&quot;0&quot;,&quot;shutter_speed&quot;:&quot;0&quot;,&quot;title&quot;:&quot;&quot;,&quot;orientation&quot;:&quot;0&quot;}" data-image-title="Imin Tala 2025 F" data-image-description="" data-image-caption="" data-medium-file="http://association-douar-tamazirte.ch/w/wp-content/uploads/2025/11/IMG-20251025-WA0000-225x300.jpg" data-large-file="http://association-douar-tamazirte.ch/w/wp-content/uploads/2025/11/IMG-20251025-WA0000-768x1024.jpg" class="alignnone size-medium wp-image-3046" src="http://association-douar-tamazirte.ch/w/wp-content/uploads/2025/11/IMG-20251025-WA0000-225x300.jpg" alt="" width="225" height="300" srcset="http://association-douar-tamazirte.ch/w/wp-content/uploads/2025/11/IMG-20251025-WA0000-225x300.jpg 225w, http://association-douar-tamazirte.ch/w/wp-content/uploads/2025/11/IMG-20251025-WA0000-768x1024.jpg 768w, http://association-douar-tamazirte.ch/w/wp-content/uploads/2025/11/IMG-20251025-WA0000-1152x1536.jpg 1152w, http://association-douar-tamazirte.ch/w/wp-content/uploads/2025/11/IMG-20251025-WA0000.jpg 1200w" sizes="auto, (max-width: 225px) 100vw, 225px" /></a><a href="http://association-douar-tamazirte.ch/w/wp-content/uploads/2025/11/IMG-20251025-WA0002.jpg"><img loading="lazy" decoding="async" data-attachment-id="3047" data-permalink="http://association-douar-tamazirte.ch/w/?attachment_id=3047" data-orig-file="http://association-douar-tamazirte.ch/w/wp-content/uploads/2025/11/IMG-20251025-WA0002.jpg" data-orig-size="1200,1600" data-comments-opened="0" data-image-meta="{&quot;aperture&quot;:&quot;0&quot;,&quot;credit&quot;:&quot;&quot;,&quot;camera&quot;:&quot;&quot;,&quot;caption&quot;:&quot;&quot;,&quot;created_timestamp&quot;:&quot;0&quot;,&quot;copyright&quot;:&quot;&quot;,&quot;focal_length&quot;:&quot;0&quot;,&quot;iso&quot;:&quot;0&quot;,&quot;shutter_speed&quot;:&quot;0&quot;,&quot;title&quot;:&quot;&quot;,&quot;orientation&quot;:&quot;0&quot;}" data-image-title="Imin Tala 2025 E" data-image-description="" data-image-caption="" data-medium-file="http://association-douar-tamazirte.ch/w/wp-content/uploads/2025/11/IMG-20251025-WA0002-225x300.jpg" data-large-file="http://association-douar-tamazirte.ch/w/wp-content/uploads/2025/11/IMG-20251025-WA0002-768x1024.jpg" class="alignnone size-medium wp-image-3047" src="http://association-douar-tamazirte.ch/w/wp-content/uploads/2025/11/IMG-20251025-WA0002-225x300.jpg" alt="" width="225" height="300" srcset="http://association-douar-tamazirte.ch/w/wp-content/uploads/2025/11/IMG-20251025-WA0002-225x300.jpg 225w, http://association-douar-tamazirte.ch/w/wp-content/uploads/2025/11/IMG-20251025-WA0002-768x1024.jpg 768w, http://association-douar-tamazirte.ch/w/wp-content/uploads/2025/11/IMG-20251025-WA0002-1152x1536.jpg 1152w, http://association-douar-tamazirte.ch/w/wp-content/uploads/2025/11/IMG-20251025-WA0002.jpg 1200w" sizes="auto, (max-width: 225px) 100vw, 225px" /></a></p>

<p>En 2023, le village de Imin Tala a été complètement détruit par le séisme. En phase de reconstruction, nous avons financé l&rsquo;achat de 2&rsquo;000 tuyaux afin de raccorder l&rsquo;eau au nouveau village. Une aide précieuse pour les habitants et les enfants qui n&rsquo;ont plus à marcher 2 kilomètres pour trouver&#8230; de l&rsquo;eau !</p>
