{"id":118,"date":"2013-12-11T08:00:02","date_gmt":"2013-12-11T08:00:02","guid":{"rendered":"http:\/\/association-douar-tamazirte.ch\/w\/?page_id=118"},"modified":"2022-01-15T17:24:57","modified_gmt":"2022-01-15T16:24:57","slug":"24-heures-de-bale-et-100-km-de-bienne-2012","status":"publish","type":"page","link":"http:\/\/association-douar-tamazirte.ch\/w\/?page_id=118","title":{"rendered":"Action COVID 2020"},"content":{"rendered":"\n<p>Printemps 2020, notre association a apport\u00e9 une aide d&rsquo;urgence pour les plus d\u00e9munis dans de nombreux villages du Haut-Atlas.<\/p>\n<div style=\"width: 604px;\" class=\"wp-video\"><video class=\"wp-video-shortcode\" id=\"video-118-1\" width=\"604\" height=\"332\" preload=\"metadata\" controls=\"controls\"><source type=\"video\/mp4\" src=\"http:\/\/association-douar-tamazirte.ch\/w\/wp-content\/uploads\/2020\/11\/g.mp4?_=1\" \/><a href=\"http:\/\/association-douar-tamazirte.ch\/w\/wp-content\/uploads\/2020\/11\/g.mp4\">http:\/\/association-douar-tamazirte.ch\/w\/wp-content\/uploads\/2020\/11\/g.mp4<\/a><\/video><\/div>\n<p>\u00a0<\/p>\n<p><strong><span style=\"color: #ff0000;\">320<\/span><\/strong> familles soit environ <strong><span style=\"color: #ff0000;\">1&rsquo;400<\/span><\/strong> personnes ont b\u00e9n\u00e9fici\u00e9 de cette aide. Ils ont re\u00e7u les produits essentiels afin d&rsquo;all\u00e9ger un quotidien d\u00e9j\u00e0 difficile.<\/p>\n<p>Un sinc\u00e8re Merci \u00e0 toutes les personnes en Suisse et sur place qui ont permis la mise en place de cette action ! Peu d&rsquo;image car les b\u00e9n\u00e9ficiaires sont pudiques et nous respections leurs choix.<\/p>\n<div data-carousel-extra='{&quot;blog_id&quot;:1,&quot;permalink&quot;:&quot;http:\/\/association-douar-tamazirte.ch\/w\/?page_id=118&quot;}' id='gallery-1' class='gallery galleryid-118 gallery-columns-3 gallery-size-thumbnail'><figure class='gallery-item'>\n\t\t\t<div class='gallery-icon landscape'>\n\t\t\t\t<a href='http:\/\/association-douar-tamazirte.ch\/w\/?attachment_id=2019'><img loading=\"lazy\" decoding=\"async\" width=\"150\" height=\"150\" src=\"http:\/\/association-douar-tamazirte.ch\/w\/wp-content\/uploads\/2020\/11\/n-150x150.jpg\" class=\"attachment-thumbnail size-thumbnail\" alt=\"\" data-attachment-id=\"2019\" data-permalink=\"http:\/\/association-douar-tamazirte.ch\/w\/?attachment_id=2019\" data-orig-file=\"http:\/\/association-douar-tamazirte.ch\/w\/wp-content\/uploads\/2020\/11\/n.jpg\" data-orig-size=\"1032,774\" data-comments-opened=\"0\" data-image-meta=\"{&quot;aperture&quot;:&quot;0&quot;,&quot;credit&quot;:&quot;&quot;,&quot;camera&quot;:&quot;&quot;,&quot;caption&quot;:&quot;&quot;,&quot;created_timestamp&quot;:&quot;0&quot;,&quot;copyright&quot;:&quot;&quot;,&quot;focal_length&quot;:&quot;0&quot;,&quot;iso&quot;:&quot;0&quot;,&quot;shutter_speed&quot;:&quot;0&quot;,&quot;title&quot;:&quot;&quot;,&quot;orientation&quot;:&quot;0&quot;}\" data-image-title=\"\" data-image-description=\"\" data-image-caption=\"\" data-medium-file=\"http:\/\/association-douar-tamazirte.ch\/w\/wp-content\/uploads\/2020\/11\/n-300x225.jpg\" data-large-file=\"http:\/\/association-douar-tamazirte.ch\/w\/wp-content\/uploads\/2020\/11\/n-1024x768.jpg\" \/><\/a>\n\t\t\t<\/div><\/figure><figure class='gallery-item'>\n\t\t\t<div class='gallery-icon landscape'>\n\t\t\t\t<a href='http:\/\/association-douar-tamazirte.ch\/w\/?attachment_id=2010'><img loading=\"lazy\" decoding=\"async\" width=\"150\" height=\"150\" src=\"http:\/\/association-douar-tamazirte.ch\/w\/wp-content\/uploads\/2020\/11\/IMG-20200418-WA0001-150x150.jpg\" class=\"attachment-thumbnail size-thumbnail\" alt=\"\" data-attachment-id=\"2010\" data-permalink=\"http:\/\/association-douar-tamazirte.ch\/w\/?attachment_id=2010\" data-orig-file=\"http:\/\/association-douar-tamazirte.ch\/w\/wp-content\/uploads\/2020\/11\/IMG-20200418-WA0001.jpg\" data-orig-size=\"1032,774\" data-comments-opened=\"0\" data-image-meta=\"{&quot;aperture&quot;:&quot;0&quot;,&quot;credit&quot;:&quot;&quot;,&quot;camera&quot;:&quot;&quot;,&quot;caption&quot;:&quot;&quot;,&quot;created_timestamp&quot;:&quot;0&quot;,&quot;copyright&quot;:&quot;&quot;,&quot;focal_length&quot;:&quot;0&quot;,&quot;iso&quot;:&quot;0&quot;,&quot;shutter_speed&quot;:&quot;0&quot;,&quot;title&quot;:&quot;&quot;,&quot;orientation&quot;:&quot;0&quot;}\" data-image-title=\"\" data-image-description=\"\" data-image-caption=\"\" data-medium-file=\"http:\/\/association-douar-tamazirte.ch\/w\/wp-content\/uploads\/2020\/11\/IMG-20200418-WA0001-300x225.jpg\" data-large-file=\"http:\/\/association-douar-tamazirte.ch\/w\/wp-content\/uploads\/2020\/11\/IMG-20200418-WA0001-1024x768.jpg\" \/><\/a>\n\t\t\t<\/div><\/figure>\n\t\t<\/div>\n\n","protected":false},"excerpt":{"rendered":"<p>Printemps 2020, notre association a apport\u00e9 une aide d&rsquo;urgence pour les plus d\u00e9munis dans de nombreux villages du Haut-Atlas. \u00a0 320 familles soit environ 1&rsquo;400 personnes ont b\u00e9n\u00e9fici\u00e9 de cette aide. Ils ont re\u00e7u les produits essentiels afin d&rsquo;all\u00e9ger un quotidien d\u00e9j\u00e0 difficile. Un sinc\u00e8re Merci \u00e0 toutes les personnes en Suisse et sur place &hellip; <a href=\"http:\/\/association-douar-tamazirte.ch\/w\/?page_id=118\" class=\"more-link\">Continuer la lecture de <span class=\"screen-reader-text\">Action COVID 2020<\/span> <span class=\"meta-nav\">&rarr;<\/span><\/a><\/p>\n","protected":false},"author":1,"featured_media":0,"parent":0,"menu_order":300,"comment_status":"closed","ping_status":"closed","template":"sidebar-page.php","meta":{"footnotes":""},"class_list":["post-118","page","type-page","status-publish","hentry"],"jetpack_sharing_enabled":true,"_links":{"self":[{"href":"http:\/\/association-douar-tamazirte.ch\/w\/index.php?rest_route=\/wp\/v2\/pages\/118","targetHints":{"allow":["GET"]}}],"collection":[{"href":"http:\/\/association-douar-tamazirte.ch\/w\/index.php?rest_route=\/wp\/v2\/pages"}],"about":[{"href":"http:\/\/association-douar-tamazirte.ch\/w\/index.php?rest_route=\/wp\/v2\/types\/page"}],"author":[{"embeddable":true,"href":"http:\/\/association-douar-tamazirte.ch\/w\/index.php?rest_route=\/wp\/v2\/users\/1"}],"replies":[{"embeddable":true,"href":"http:\/\/association-douar-tamazirte.ch\/w\/index.php?rest_route=%2Fwp%2Fv2%2Fcomments&post=118"}],"version-history":[{"count":11,"href":"http:\/\/association-douar-tamazirte.ch\/w\/index.php?rest_route=\/wp\/v2\/pages\/118\/revisions"}],"predecessor-version":[{"id":3039,"href":"http:\/\/association-douar-tamazirte.ch\/w\/index.php?rest_route=\/wp\/v2\/pages\/118\/revisions\/3039"}],"wp:attachment":[{"href":"http:\/\/association-douar-tamazirte.ch\/w\/index.php?rest_route=%2Fwp%2Fv2%2Fmedia&parent=118"}],"curies":[{"name":"wp","href":"https:\/\/api.w.org\/{rel}","templated":true}]}}

<p>Printemps 2020, notre association a apporté une aide d&rsquo;urgence pour les plus démunis dans de nombreux villages du Haut-Atlas.</p>
<div style="width: 604px;" class="wp-video"><video class="wp-video-shortcode" id="video-118-1" width="604" height="332" preload="metadata" controls="controls"><source type="video/mp4" src="http://association-douar-tamazirte.ch/w/wp-content/uploads/2020/11/g.mp4?_=1" /><a href="http://association-douar-tamazirte.ch/w/wp-content/uploads/2020/11/g.mp4">http://association-douar-tamazirte.ch/w/wp-content/uploads/2020/11/g.mp4</a></video></div>
<p> </p>
<p><strong><span style="color: #ff0000;">320</span></strong> familles soit environ <strong><span style="color: #ff0000;">1&rsquo;400</span></strong> personnes ont bénéficié de cette aide. Ils ont reçu les produits essentiels afin d&rsquo;alléger un quotidien déjà difficile.</p>
<p>Un sincère Merci à toutes les personnes en Suisse et sur place qui ont permis la mise en place de cette action ! Peu d&rsquo;image car les bénéficiaires sont pudiques et nous respections leurs choix.</p>
<div data-carousel-extra='{&quot;blog_id&quot;:1,&quot;permalink&quot;:&quot;http://association-douar-tamazirte.ch/w/?page_id=118&quot;}' id='gallery-1' class='gallery galleryid-118 gallery-columns-3 gallery-size-thumbnail'><figure class='gallery-item'>
			<div class='gallery-icon landscape'>
				<a href='http://association-douar-tamazirte.ch/w/?attachment_id=2019'><img loading="lazy" decoding="async" width="150" height="150" src="http://association-douar-tamazirte.ch/w/wp-content/uploads/2020/11/n-150x150.jpg" class="attachment-thumbnail size-thumbnail" alt="" data-attachment-id="2019" data-permalink="http://association-douar-tamazirte.ch/w/?attachment_id=2019" data-orig-file="http://association-douar-tamazirte.ch/w/wp-content/uploads/2020/11/n.jpg" data-orig-size="1032,774" data-comments-opened="0" data-image-meta="{&quot;aperture&quot;:&quot;0&quot;,&quot;credit&quot;:&quot;&quot;,&quot;camera&quot;:&quot;&quot;,&quot;caption&quot;:&quot;&quot;,&quot;created_timestamp&quot;:&quot;0&quot;,&quot;copyright&quot;:&quot;&quot;,&quot;focal_length&quot;:&quot;0&quot;,&quot;iso&quot;:&quot;0&quot;,&quot;shutter_speed&quot;:&quot;0&quot;,&quot;title&quot;:&quot;&quot;,&quot;orientation&quot;:&quot;0&quot;}" data-image-title="" data-image-description="" data-image-caption="" data-medium-file="http://association-douar-tamazirte.ch/w/wp-content/uploads/2020/11/n-300x225.jpg" data-large-file="http://association-douar-tamazirte.ch/w/wp-content/uploads/2020/11/n-1024x768.jpg" /></a>
			</div></figure><figure class='gallery-item'>
			<div class='gallery-icon landscape'>
				<a href='http://association-douar-tamazirte.ch/w/?attachment_id=2010'><img loading="lazy" decoding="async" width="150" height="150" src="http://association-douar-tamazirte.ch/w/wp-content/uploads/2020/11/IMG-20200418-WA0001-150x150.jpg" class="attachment-thumbnail size-thumbnail" alt="" data-attachment-id="2010" data-permalink="http://association-douar-tamazirte.ch/w/?attachment_id=2010" data-orig-file="http://association-douar-tamazirte.ch/w/wp-content/uploads/2020/11/IMG-20200418-WA0001.jpg" data-orig-size="1032,774" data-comments-opened="0" data-image-meta="{&quot;aperture&quot;:&quot;0&quot;,&quot;credit&quot;:&quot;&quot;,&quot;camera&quot;:&quot;&quot;,&quot;caption&quot;:&quot;&quot;,&quot;created_timestamp&quot;:&quot;0&quot;,&quot;copyright&quot;:&quot;&quot;,&quot;focal_length&quot;:&quot;0&quot;,&quot;iso&quot;:&quot;0&quot;,&quot;shutter_speed&quot;:&quot;0&quot;,&quot;title&quot;:&quot;&quot;,&quot;orientation&quot;:&quot;0&quot;}" data-image-title="" data-image-description="" data-image-caption="" data-medium-file="http://association-douar-tamazirte.ch/w/wp-content/uploads/2020/11/IMG-20200418-WA0001-300x225.jpg" data-large-file="http://association-douar-tamazirte.ch/w/wp-content/uploads/2020/11/IMG-20200418-WA0001-1024x768.jpg" /></a>
			</div></figure>
		</div>

<p>Printemps 2020, notre association a apporté une aide d&rsquo;urgence pour les plus démunis dans de nombreux villages du Haut-Atlas.   320 familles soit environ 1&rsquo;400 personnes ont bénéficié de cette aide. Ils ont reçu les produits essentiels afin d&rsquo;alléger un quotidien déjà difficile. Un sincère Merci à toutes les personnes en Suisse et sur place &hellip; <a href="http://association-douar-tamazirte.ch/w/?page_id=118" class="more-link">Continuer la lecture de <span class="screen-reader-text">Action COVID 2020</span> <span class="meta-nav">&rarr;</span></a></p>
